0 = -2*r. Calculate the remainder when 117 is divided by w.
2
Suppose 224*t - 229*t = -130. What is the remainder when 129 is divided by t?
25
Let i = -474 - -1159. Suppose 4*c - i = 455. What is the remainder when (c/(-25))/((-1)/5) is divided by 15?
12
Suppose 77 = -4*o + 281. What is the remainder when o is divided by 6?
3
Suppose u - 12 = -f, f - 50 = -3*f - 3*u. What is the remainder when 44 is divided by f?
2
Let t = 2301 + -2288. Let u(x) = -x**3 + 9*x**2 - 4. Calculate the remainder when u(4) is divided by t.
11
Let s = 617 + -578. Calculate the remainder when 184 is divided by s.
28
Let o(c) be the second derivative of c**5/20 + c**4/2 - 11*c**3/6 - 5*c**2 + 11*c. Calculate the remainder when 69 is divided by o(-7).
15
Suppose -2*a + 2*z - 138 = -4*a, 5*z = -a + 85. Suppose 5*s - 10*s = a. Calculate the remainder when (s - 0)/(-3 - -2) is divided by 8.
5
Let r(s) = s**2 + 11*s + 36. Let j be r(-5). Calculate the remainder when (118/4)/(3/j) is divided by 32.
27
What is the remainder when 4 - -460 - (2 + -1 + 3) is divided by 18?
10
Calculate the remainder when 219 + 0/(-5 - -1) is divided by 13.
11
Suppose 0 = -122*h + 94*h + 728. What is the remainder when 110 is divided by h?
6
Let f = -954 + 973. Calculate the remainder when 143 is divided by f.
10
Let c(b) = 23*b**2 - 2*b + 1. What is the remainder when 42 is divided by c(1)?
20
Suppose 4*j + 18 = 2*c, -27*j = -23*j. What is the remainder when 172 is divided by c?
1
Suppose -3*h - r = -459, 2*h - 12*r = -7*r + 289. Calculate the remainder when 156 is divided by h.
4
Let o(c) = c**3 + 24*c**2 - 32*c - 86. What is the remainder when 889 is divided by o(-25)?
88
Suppose o - 5*b + 10 = -1, -4*o + b = -13. Suppose -2*j + 1 = 4*g - 5*g, 2*g = -j + 13. Calculate the remainder when j + -1 + (9 - 6) is divided by o.
1
Let l = -4046 + 5987. What is the remainder when l is divided by 18?
15
Let d = 436 + -47. Calculate the remainder when d is divided by 23.
21
Let w(p) = 38*p**2 - 3*p + 1. Let u be w(2). Suppose -3*n - 171 = -n - 5*a, 3*a + u = -2*n. What is the remainder when (n/(-12))/(2/12) is divided by 14?
11
Let z = 534 - 473. Calculate the remainder when z is divided by 1.
0
Suppose -3*q = -5*h - 4, 5*q - h = -17 + 31. Let k(i) = -i**2 + 5*i - 3. Suppose 5*x = -11 + 31. What is the remainder when q is divided by k(x)?
0
What is the remainder when 100 is divided by (-140)/(-34) - 4 - 1320/(-51)?
22
Let q = -25 + 50. Suppose 7*a = 12*a - 25. Calculate the remainder when q is divided by a.
0
Let v(g) = 256*g**2 + 55*g - 2. Calculate the remainder when v(-1) is divided by 86.
27
Let u(y) = y**2 - 4*y**3 + 6*y + 2*y**3 + y**3 + 6*y**2 + 1. Let h be u(8). What is the remainder when 52 is divided by 30/h - (1 + -17)?
10
Suppose h = -2*h + 51. Let f = -14 - -10. Let t = h + f. What is the remainder when t is divided by 8?
5
Let y = -901 + 1009. Calculate the remainder when y is divided by 23.
16
Let x(m) = -16*m - 61. What is the remainder when 132 is divided by x(-5)?
18
Let y be (2 - 2 - 1) + 3. Suppose 0 = -y*q + 4*q - 200. Let d(h) = -h**2 - 32*h + 454. What is the remainder when q is divided by d(10)?
32
Let m = -35 + 47. Suppose -5*f + f + m = 0. Suppose p = 3*p - 20. What is the remainder when p is divided by f?
1
Suppose 82 + 113 = -5*l. Let j be (-4)/26 - (-891)/l. Let w = -17 - j. Calculate the remainder when 20 is divided by w.
2
Let y = -2087 + 2111. Calculate the remainder when 100 is divided by y.
4
Suppose -37*o - 14*o = -7752. Calculate the remainder when o is divided by 67.
18
Let v(p) = -p + 5. Suppose -3*o = 4*b - 32, 2*o = 3*o - 3*b + 11. What is the remainder when 2 is divided by v(o)?
0
Let b = 194 + -159. What is the remainder when 100 is divided by b?
30
Let k(v) = 6*v + 24. Let s be k(-4). Suppose s = 2*p - 40 - 36. Calculate the remainder when p is divided by 22.
16
Calculate the remainder when 3*1 - 49/(-1) is divided by 27.
25
Let b(w) = -6*w - 10. Let l be b(-7). Suppose -3*h - 9 = -18. Suppose -z = -h*u + 3, -2*u + 14 = 3*z - l. What is the remainder when 23 is divided by z?
11
Let p = 325 + -170. Let v = p - 137. Calculate the remainder when v is divided by 11.
7
Let i be -12*3*20/(-48). Let y be 4 + (i - 0)/(-3). What is the remainder when 1 + (y - (-1 + -2)) is divided by 1?
0
Suppose 5*x = -57 + 197. Calculate the remainder when 223 is divided by x.
27
Suppose -2*m + 546 = 2*d + 2*m, -2*d + 3*m + 581 = 0. Let g = d - 3337. What is the remainder when g/(-42) - 2/(-7) is divided by 19?
16
Suppose 2*s - 85 = 127. Let n = -83 + 110. Calculate the remainder when s is divided by n.
25
Suppose 0 = -2*s + 8 - 0. Suppose -5*b = -0*x + 2*x - 77, 0 = 5*b - x - 74. Calculate the remainder when (1 - 2)/(s/(-236)) is divided by b.
14
Let k be (-128)/(-20) + (-6)/15. Suppose 4*i = -5*f + 110, 2*f - i + 88 = k*f. Calculate the remainder when 87 is divided by f.
21
Suppose -26*n + 25*n + 6 = 0. Suppose -n*y - y + 245 = 0. What is the remainder when 104 is divided by y?
34
Let d = 74 - 38. Suppose 0 = -15*j + 21*j - d. Calculate the remainder when 12 is divided by j.
0
Let f = 324 + -313. Suppose 4*v = 5*t - 3*t + 34, 40 = 4*v - 4*t. What is the remainder when f is divided by v?
4
Let v be (-3 - -44) + 1 + 3. Let q = v + 22. What is the remainder when q is divided by 17?
16
Suppose -5*d - 45 = -2*k, 3*k + 7*d + 5*d - 87 = 0. What is the remainder when 94 is divided by k?
19
Suppose -4*p - 32 = 32. Let t = -12 - p. Let f(v) = -v**3 + 5*v**2 - 3*v + 5. What is the remainder when f(t) is divided by 3?
0
What is the remainder when ((-54)/(-12) - 1)/((-1)/(-2)) is divided by (-3 + 10/3)/((-4)/(-48))?
3
Let r = 48 + 292. What is the remainder when r is divided by 49?
46
Suppose 3*f + 96 = 8*f + 3*c, c = -2*f + 38. Let v be 35/10*18/((-3)/(-1)). Let m = v - f. What is the remainder when 10 is divided by m?
1
Let k(m) = -m**3 + 14*m**2 + 59*m + 26. What is the remainder when 170 is divided by k(17)?
8
Let a = -114 + 203. Calculate the remainder when a is divided by (-2*15/(-10))/(1/6).
17
Suppose 3 = -4*y + 27. Calculate the remainder when ((-14)/(-21))/(1/(-3))*-5 is divided by y.
4
Let v(b) = 40*b - 503. Let c(h) = -33*h - 1. Let j(x) = x + 3. Let n be j(-5). What is the remainder when c(n) is divided by v(13)?
14
Suppose 0 = p - 7*p + 246. What is the remainder when p is divided by 22?
19
Suppose 3*m + 4*q = q - 3, -4*m + 5*q = -14. Suppose -m = -l, -2*d - l + 2 = -3. What is the remainder when 411/15 + d/(-5) is divided by 14?
13
Let g = -16 + 9. Let w = 20 + g. Suppose -c = 2*p - 25, -p + 63 = 3*c - 7. Calculate the remainder when c is divided by w.
10
Suppose -a - 855 = 4*a. What is the remainder when (a/36)/(1/(-4)) is divided by 10?
9
Let n be (4/14 - 0)*7 + 0. Calculate the remainder when 7/((n/2)/(0 + 9)) is divided by 11.
8
Suppose 15*f = 6214 - 184. Let k = f - 235. Calculate the remainder when k is divided by 34.
31
Suppose -3*n - 2*p + 70 = -0*p, 8 = -2*p. Let j = n - 11. Let r = 31 + -27. Calculate the remainder when j is divided by r.
3
Suppose -10 = -8*z + 3*z. Suppose 0 = -z*r + 4*d + 40, -2*r + d + 55 = r. Calculate the remainder when 6 is divided by (r/(-12))/((-6)/8).
0
Let l(j) be the first derivative of j**5/20 + j**3/3 + j**2 - 1. Let f(s) be the second derivative of l(s). Calculate the remainder when f(-4) is divided by 13.
11
Let h = -24 + 14. Let x(j) = -j**2 - 5*j + 11. Let t be x(h). Calculate the remainder when 31 is divided by (t - -5)/(4/(-2)).
14
Let v(f) = -f**2 + 0 + 4 - 2 + 2*f**2 + 6*f. Let h be v(-8). Let b = h + -10. Calculate the remainder when 21 is divided by b.
5
Let i be 4/14 + 16/(-56). Suppose i = v + 5*v - 66. Let n = 15 - 8. Calculate the remainder when v is divided by n.
4
Let o be (4/10)/(1/15). Suppose 2*h - 22 = c, -3*h - o*c = -c - 59. What is the remainder when h is divided by (-14)/(-4) + (39/6 - 6)?
1
Let j(g) = -g**3 - 2*g**2 + g + 2. Calculate the remainder when 79 is divided by j(-3).
7
Let l be 3/(12/20) + -1. Suppose 0 = -n + 3*z + 13, -3*z = -2*n - l*z + 12. What is the remainder when 24 is divided by n?
3
Suppose 0 = 5*b + 4*x - 9218 - 6194, x + 3086 = b. What is the remainder when b is divided by 21?
18
Let k = -693 - -702. Calculate the remainder when 199 is divided by k.
1
Let r(m) = 56*m - 2. Let d be r(-6). What 